 - d + 3*d - 3*d. Let j(f) = -f**2 + 7*f. Let g(r) = -r**2 + 7*r. Let p(a) = -3*g(a) + 2*j(a). Let u be p(6). Calculate q(u).
5
Let p(q) = -q**2 + 5*q + 1. Suppose -22*a + 35 = -97. Determine p(a).
-5
Let k(j) = 3*j**2 + 4*j - 3. Let h = -10 + 12. Let a(w) = -2 + 2*w**h + 0*w - w + 5*w + 0*w. Let f(x) = -4*a(x) + 3*k(x). What is f(4)?
-1
Let k(w) = -5*w + 2. Let v = 367 - 371. Calculate k(v).
22
Let s(r) = -r**2 + 12*r - 42. Let z be s(13). Let c = z + 55. Let q(v) = v**2 + v + 10. Calculate q(c).
10
Let v(d) = 17*d**3 + 11 + 287*d - 287*d + 2*d**2. Let f(t) = -11*t**3 - t**2 - 7. Let k(r) = -8*f(r) - 5*v(r). Give k(1).
2
Let h(u) = u**3 - 5*u**2 + 7*u + 3. Let a be h(3). Let z(s) = -s - 4. What is z(a)?
-10
Suppose -3*d - m = d + 21, -3*d + m - 14 = 0. Let h = d - -9. Let z(g) = -h*g**2 + g**3 + 3*g - 4 - 2*g**3 + 3 - 3. What is z(-5)?
6
Let g(t) = t**3 - t**2 + t - 7. Let m = 43 + -43. Determine g(m).
-7
Let j(r) = -7*r**3 - 3*r**2 + 7*r - 24. Let s(w) = -4*w**3 - w**2 + 4*w - 14. Let z(i) = -3*j(i) + 5*s(i). Give z(-4).
6
Let z(a) = -7*a**2 - 15*a - 11. Let q(x) = -4*x**2 - 8*x - 6. Let r(k) = -5*q(k) + 3*z(k). Suppose 0 = 3*d + 3 + 9. Give r(d).
1
Let b(s) = -3*s**3 - 2*s + 4. Let i be b(0). Let r(x) be the third derivative of -x**3 + 1/60*x**5 + 0*x + 1/4*x**i + 0 + 8*x**2. Determine r(-6).
-6
Let w(n) = -18*n + 288 + 287 - 574. What is w(-1)?
19
Let d(s) be the second derivative of -s**4/12 - s**3/6 + 6*s. Let c be d(0). Let v(q) = -q**3 - q**3 - q + 9*q**3 + c*q**2 - q**2. Determine v(-1).
-7
Let c be (-3)/2*(-5 + -3). Suppose -3*x = 2*i - 0*i - 8, c = 3*i - x. Let j(q) = 3*q + 4*q - i*q - 4*q - 3. Give j(-6).
3
Let v(s) be the third derivative of -s**5/60 + s**4/24 - s**3/3 - 21*s**2 - 5. What is v(-2)?
-8
Let a(y) = -13*y**3 + 44*y**2 - 7*y - 29. Let v(x) = 7*x**3 - 23*x**2 + 3*x + 15. Let w(j) = 6*a(j) + 11*v(j). Determine w(10).
1
Let r(y) be the third derivative of -y**5/60 - y**4/8 - 5*y**3/6 - 2*y**2. Let d = -250 + 246. Determine r(d).
-9
Suppose -10 = 52*l - 57*l. Suppose 0 = -l*j - 2*x + 6, x + 1 = 2*j - j. Let b(f) = -f**3 + 3*f**2 - 2*f + 2. Give b(j).
2
Let z(a) = -1 - 9*a + 2*a + 0 - 2*a - a**2. What is z(-9)?
-1
Suppose 43*q = 31*q + 36. Let s(j) = -j**3 + 4*j**2 - 8*j + 4. Determine s(q).
-11
Let v(c) be the second derivative of -c**4/12 - 2*c**3/3 + c**2/2 - 4*c - 11. Determine v(-5).
-4
Let s be 2 + -1 - (1 - 2). Let d(a) = 6*a + 81. Let z be d(-13). Let g(l) = -z*l - s*l + 4*l - 3*l. Determine g(-3).
12
Let t(b) = -2*b**2 - 3*b - 4. Let l = 1576 + -1579. Calculate t(l).
-13
Suppose 3 = 4*k + 5*a, -1 = k - 5*a + 8*a. Let h(p) = 3*p + 4. Give h(k).
10
Let t(q) be the second derivative of q**6/60 + q**5/60 - q**4/12 - 9*q**2/2 + 12*q. Let f(c) be the first derivative of t(c). Calculate f(-2).
-8
Let v(i) = 2*i**2 + 17*i + 23. Let x be v(-7). Let r(z) be the first derivative of -z + 4 - 2/3*z**3 + 0*z**x. What is r(-1)?
-3
Let p(z) = -z**2 + 2*z - 7. Let n be p(0). Let c(t) = t**2 + 4*t + 5. Let i(l) = -l**2 - 5*l - 4. Let b(r) = -5*c(r) - 6*i(r). Calculate b(n).
-22
Suppose -14 = -2*a - 2. Let k(w) be the third derivative of w**5/60 - w**4/6 - w**3 - 292*w**2 + 3*w. Calculate k(a).
6
Let y(r) be the third derivative of r**4/24 - 7*r**3/6 + r**2. Suppose v - 2*g + 6 = -3*v, -7 = 4*v - g. Let n be 1 + (-1 - -4 - v). Determine y(n).
-1
Let y(g) = 4*g + 1. Suppose 5*x + 12 = -4*t, 0 = -5*t - 0*t - x - 15. Let p be 6/t - (-8)/1. Let s be (-3)/(p*3/(-6)). What is y(s)?
5
Let g(k) = 2*k + 4. Let a(c) = c + 3. Let i(m) = -3*a(m) + 2*g(m). Suppose -4*r = -4*v - 52, 0 = -3*r - 5*v + 5 + 2. What is i(r)?
8
Let l = 11 + -10. Let z be (-7)/3 - l/(-3). Let m(g) = -4*g**2 + 5*g - 4. Let s(i) = 6*i**2 - 6*i + 5. Let a(v) = 4*m(v) + 3*s(v). Determine a(z).
3
Let k(m) = -m**3 + 12*m**2 - 10*m - 9. Let w be k(11). Let y be w - ((0 - 1) + 1). Let s(l) = 6*l**y + 7 + 3*l - 2*l**2 - 5*l**2. Calculate s(6).
-11
Let z(d) = -2*d**2 + 9 - 17 + 10*d + 5*d**2 - 16*d. What is z(6)?
64
Suppose -3*r + 37 = 13. Suppose r = 4*p, -9 = 4*w - 3*w - 5*p. Let x(h) = -4*h - 5*h - 4 + 5. What is x(w)?
-8
Let j(i) = -i + 6. Let g(w) = -2*w**2 + w + 14. Let l be g(-3). Determine j(l).
13
Let q be 16/144 - 8/(-36). Let x(d) be the third derivative of -1/120*d**6 - 1/12*d**5 + 0*d + q*d**4 + 0 + 4*d**2 + 3/2*d**3. What is x(-6)?
-3
Let u(m) = m**3 - m + 1. Let d be u(1). Let z(c) = 26*c**3 - 1 - 58*c**3 + 22*c**3 + c + 11*c**3. Determine z(d).
1
Let g be (-3)/2 - -274*4/16. Suppose -g*o + 8 = -69*o. Let c(s) = s**3 + 5*s**2 + 6*s + 5. Calculate c(o).
-3
Suppose 0 = 4*m + m + 35. Suppose 9*z = -5*v + 6*z + 12, -5*z = 2*v - 20. Let l(h) = 6*h + v*h + 4 + 51*h**2 + 52*h**2 - 102*h**2. Give l(m).
11
Let o = -22 + 22. Suppose -12 - 5 = 4*h + 3*s, -2*h + 2*s + 2 = o. Let p(m) = -m**3 - m**2 + m + 2. What is p(h)?
4
Let s(b) be the third derivative of b**5/30 + b**4/4 + 2*b**3/3 - 1570*b**2. Suppose j + j + 8 = 0. Determine s(j).
12
Let g(w) be the second derivative of -w**3/6 + w**2/2 - 2*w. Let l be g(-1). Let a(n) = -n**2 + 9690 - 9692 + 3*n**3 - n + 0*n**2. Determine a(l).
16
Let h(y) be the second derivative of -3/2*y**3 + 0 + 5*y + 9/2*y**2 + 1/24*y**4. Let k(t) be the first derivative of h(t). Give k(6).
-3
Let h(j) be the first derivative of j**4/12 - 4*j**3/3 - 5*j**2/2 - 11*j + 17. Let y(c) be the first derivative of h(c). What is y(7)?
-12
Let r(h) = 4*h**3 - 4*h**2 - 2*h - 3. Let u(y) = -11*y**3 + 11*y**2 + 6*y + 8. Let f(k) = 8*r(k) + 3*u(k). Determine f(2).
0
Let f(n) be the second derivative of n**4/12 - 2*n**3 + 11*n**2/2 + 110*n. Determine f(10).
-9
Let k(m) = -m**2 - 17*m - 22. Let s(x) = -x**3 - 14*x**2 - 44*x + 9. Let c be s(-6). Give k(c).
8
Let s(p) = p**3 - 3*p**2 + p. Let k be -4 + (-14)/(-2) - -2. Suppose 8*y - k*y = 6. Determine s(y).
-2
Let c(x) be the first derivative of x**3/3 + 3*x**2 + 9*x + 136. Suppose 2*b + 2*u + 12 = 0, b + 0*u + 2 = -5*u. What is c(b)?
16
Let h(m) = 9*m - 55. Let i be h(6). Let z(b) = 25*b**3. Determine z(i).
-25
Let z(b) = 6*b**3 - 25*b**2 + 36*b + 4. Let l(x) be the first derivative of -x**4/4 + 5*x**3/3 - 7*x**2/2 - x - 28. Let p(s) = -11*l(s) - 2*z(s). What is p(-5)?
-22
Let h = 87 - 93. Let k(s) = 0*s - 3*s + 2*s - 5. What is k(h)?
1
Let x be 4/10 + 448/80. Let c(y) = -y**2 + 2*y - 3. Let q(o) = 2*o**2 - 3*o + 7. Let g(s) = 5*c(s) + 2*q(s). Calculate g(x).
-13
Let y(m) be the first derivative of -m**4/4 - 4*m**3/3 + m**2/2 - m + 3. Let p be -6 - 1 - (-1 + -1). Determine y(p).
19
Let t(w) = -w**2 + 4 - w + 4*w - 2*w. Let x = 177 - 180. Determine t(x).
-8
Let q(a) = -a**3 + 7*a**2 - 2*a + 2. Let s(g) = -g - 5*g - 9 + g + 4*g. Let r be s(-8). Let u be r/(-3*(-2)/(-42)). Calculate q(u).
-12
Suppose 7*t - 4*t - m = 30, -4*m + 30 = 3*t. Let u be (-4)/t + (-18)/30. Let x(y) = -4*y + 1. Give x(u).
5
Let a(x) = -x + 2. Let o be a(2). Suppose 10 = 2*g - w, o = -4*g + 3*w + 18 - 0. Let q(r) = -4*r**2 - 77*r**3 + 5*r + 7 + 78*r**3 - 3*r**2. Give q(g).
1
Let y(u) = -2*u + 2. Let i(t) = t**2 - 10*t + 14. Let a be 4*4/16 - -3. Suppose -3*x = 5*m - 5*x - 48, 48 = 4*m - a*x. Let w be i(m). What is y(w)?
6
Let i = -344 - -324. Let r(v) = -v**3 - 21*v**2 - 22*v - 33. What is r(i)?
7
Let q(k) = 9*k - 1. Let i(m) = -126*m + 15. Let x(r) = i(r) + 15*q(r). Determine x(1).
9
Let o(z) be the second derivative of 1/6*z**3 - 2*z**2 + 42*z + 0. Calculate o(5).
1
Suppose -3*q - 2*q + 34 = -3*n, -3*q - 4*n = -3. Let c(l) = 4*l**2 - 29*l + 5. Let s(r) = r**2 - 7*r + 1. Let p(i) = 2*c(i) - 9*s(i). Determine p(q).
1
Let x(w) = -9*w**2 + 5*w - 1. Let a(k) = -1. Let t(o) = 7*o**2 - 4*o + 7. Let y(h) = 6*a(h) + t(h). Let r(q) = -3*x(q) - 4*y(q). Calculate r(-3).
-13
Let m(t) = 5*t. Let k(a) = -a**2 - 12*a - 1. Let b(r) = -2*k(r) - 5*m(r). Give b(2).
8
Let i(x) be the third derivative of 5*x**4/12 + x**3/2 - 14*x**2 - 2*x. What is i(-3)?
-27
Let w(r) = -4 + 3*r**3 + r**2 + 48*r - 43*r - 4*r**3 + 3*r**2. Determine w(5).
-4
Let r(v) be the first derivative of 5*v**3/3 + 5*v**2/2 + 3*v + 47. Give r(-3).
33
Let b(w) = -4*w - 8. Let x(h) = -h - 3. Let d(j) = -4*b(j) + 11*x(j). Suppose 8352 = -100*i + 8452. Determine d(i).
4
Let o(x) = x**3 - 5*x**2 - 2*x - 1. Suppose -2*f + 3*i + 2 = -5, 2*f + 3*i = 13. Suppose q - 3*k = 17, 19 = f*q - 2*k - 14. What